) to base 11
132
-50011 (base 6) to base 7
-24625
What is -3a5 (base 11) in base 13?
-2aa
-12410 (base 7) to base 10
-3290
Convert 11550 (base 6) to base 2.
11010111010
Convert 2645 (base 8) to base 12.
a05
Convert 2121 (base 9) to base 5.
22213
274 (base 9) to base 14
125
Convert -430253 (base 6) to base 3.
-1210010220
Convert 11311133 (base 4) to base 13.
ab59
1100101111100001 (base 2) to base 7
305111
-30022 (base 4) to base 14
-3d8
-23 (base 6) to base 8
-17
22012 (base 3) to base 11
191
What is 10100111010101 (base 2) in base 5?
320314
Convert 20001210 (base 3) to base 4.
1011012
-11c (base 15) to base 7
-510
What is -205301 (base 6) in base 10?
-16741
What is -a88 (base 13) in base 2?
-11100001010
What is -2440 (base 6) in base 11?
-4a6
What is 13c (base 13) in base 4?
3130
220100 (base 3) to base 15
2dc
What is 487 (base 13) in base 4?
30103
What is 13337 (base 8) in base 5?
141410
Convert -16204 (base 7) to base 16.
-11d1
What is 10033323 (base 4) in base 7?
101511
14651 (base 8) to base 11
4a32
What is 20211 (base 3) in base 14?
d2
What is -f (base 16) in base 8?
-17
2556 (base 9) to base 15
879
Convert -552b (base 14) to base 8.
-34623
Convert 4274 (base 9) to base 6.
22321
-2130 (base 5) to base 10
-290
What is -2930 (base 16) in base 4?
-2210300
Convert 10ba (base 15) to base 12.
207a
Convert -4eec (base 16) to base 4.
-10323230
What is -10320 (base 5) in base 12?
-4b2
-38a3 (base 14) to base 8
-23327
Convert 1100101110101 (base 2) to base 11.
4995
Convert 10434 (base 6) to base 8.
2666
Convert 12434 (base 5) to base 14.
510
232102 (base 4) to base 16
b92
-5 (base 8) to base 3
-12
Convert 43d (base 16) to base 5.
13320
What is 1143 (base 9) in base 8?
1521
Convert -42134 (base 8) to base 4.
-10101130
Convert 11000000 (base 2) to base 11.
165
What is -89 (base 15) in base 13?
-9c
Convert 46a (base 16) to base 7.
3203
Convert -bcbc (base 13) to base 2.
-110011011101110
66a (base 12) to base 11
790
Convert -31ca (base 14) to base 4.
-2012132
805 (base 13) to base 9
1767
What is 24412 (base 5) in base 12?
10a9
1544a (base 12) to base 3
1112011111
What is d20 (base 16) in base 10?
3360
597 (base 11) to base 13
429
Convert -2100111 (base 3) to base 13.
-a1b
What is -1793 (base 13) in base 10?
-3500
What is -412303 (base 6) in base 15?
-9b63
13e50 (base 16) to base 14
219a8
What is -199 (base 14) in base 11?
-281
681 (base 10) to base 12
489
493 (base 12) to base 16
2af
Convert 1110010011 (base 2) to base 10.
915
What is -1210221220 (base 3) in base 14?
-d015
-110202222 (base 3) to base 14
-3574
What is 2020112 (base 3) in base 8?
3142
-22000100 (base 3) to base 10
-5841
What is 4423 (base 7) in base 10?
1585
What is -a007 (base 15) in base 2?
-1000001111011101
What is 1420 (base 8) in base 5?
11114
What is 15601 (base 7) in base 2?
1000100111011
e826 (base 15) to base 11
33974
Convert -392 (base 11) to base 8.
-720
What is -56 (base 9) in base 2?
-110011
-4389 (base 10) to base 5
-120024
Convert -15353 (base 7) to base 15.
-141b
Convert 50345 (base 6) to base 11.
4a76
Convert 10001111101001 (base 2) to base 10.
9193
7070 (base 10) to base 7
26420
What is 3034 (base 5) in base 7?
1102
Convert 7750 (base 12) to base 5.
410124
What is 50256 (base 7) in base 15?
38e9
What is 302 (base 9) in base 16?
f5
What is 110511 (base 6) in base 3?
110200221
What is 28e (base 16) in base 2?
1010001110
100101101001100 (base 2) to base 11
13534
Convert 3361 (base 7) to base 4.
103003
What is -101100101 (base 2) in base 5?
-2412
-10001000010100 (base 2) to base 16
-2214
11000010100010 (base 2) to base 3
122002010
Convert 203 (base 7) to base 3.
10202
What is -230 (base 11) in base 8?
-423
What is 25143 (base 7) in base 3?
100001100
1f71 (base 16) to base 14
2d0d
What is -54db (base 15) in base 12?
-a4a5
-203231 (base 5) to base 10
-6691
What is -19282 (base 10) in base 3?
-222110011
What is -21a3 (base 11) in base 7?
-11305
422040 (base 6) to base 9
51756
5812 (base 14) to base 7
62422
What is -56665 (base 7) in base 4?
-3201010
1208 (base 10) to base 15
558
241a (base 12) to base 6
30434
-450 (base 13) to base 7
-2106
Convert 9430 (base 10) to base 8.
22326
299 (base 15) to base 9
730
Convert 422 (base 14) to base 13.
4a8
3133 (base 9) to base 2
100011111010
Convert 7303 (base 9) to base 6.
40433
Convert 222205 (base 6) to base 14.
6b25
What is -79 (base 12) in base 6?
-233
Convert -20ca (base 15) to base 16.
-1b1c
Convert -302450 (base 6) to base 3.
-1012211110
-97d8 (base 15) to base 14
-ba09
Convert -104246 (base 7) to base 13.
-8447
What is 1564 (base 13) in base 5?
44444
Convert -26674 (base 9) to base 16.
-4681
13425 (base 9) to base 11
6919
-12076 (base 10) to base 5
-341301
What is -27588 (base 11) in base 5?
-2224200
What is -17835 (base 14) in base 11?
-40564
-607 (base 10) to base 5
-4412
What is -541 (base 13) in base 6?
-4054
What is -1131 (base 9) in base 2?
-1101000110
-420 (base 8) to base 10
-272
7044 (base 8) to base 3
11222002
Convert -112202 (base 4) to base 13.
-86c
156513 (base 7) to base 15
9350
14204 (base 14) to base 4
30021330
38000 (base 9) to base 10
25515
What is 115 (base 13) in base 8?
273
672 (base 9) to base 4
20213
What is -52b1 (base 14) in base 6?
-150015
Convert 30112 (base 4) to base 5.
11130
Convert -1076 (base 11) to base 12.
-99a
-20 (base 6) to base 5
-22
Convert 19ee (base 16) to base 12.
3a12
What is -13a5 (base 16) in base 14?
-1b93
Convert 9a (base 13) to base 14.
91
Convert 808 (base 13) to base 4.
111100
102022 (base 3) to base 10
305
Convert 20356 (base 10) to base 3.
1000220221
Convert -116365 (base 7) to base 16.
-53d4
Convert a1 (base 13) to base 9.
155
-153242 (base 7) to base 3
-1112002222
Convert -11021101 (base 3) to base 9.
-4241
Convert -23110 (base 4) to base 7.
-2053
Convert -185 (base 15) to base 4.
-11132
What is -103552 (base 6) in base 8?
-20674
Convert a98 (base 13) to base 9.
2436
-642 (base 7) to base 14
-192
What is 2506 (base 7) in base 2?
1110101001
What is 1100 (base 9) in base 6?
3430
Convert 1010111011 (base 2) to base 8.
1273
What is -2065 (base 7) in base 15?
-33d
What is a0 (base 16) in base 12?
114
f31 (base 16) to base 5
111024
-211311 (base 5) to base 15
-2171
What is 4836 (base 9) in base 10?
3597
Convert -36a (base 14) to base 16.
-2aa
10548 (base 9) to base 6
52242
What is 286 (base 10) in base 11?
240
445a8 (base 11) to base 15
14226
Convert 106 (base 8) to base 12.
5a
Convert -535a (base 12) to base 16.
-23b6
What is -8840 (base 11) in base 14?
-436c
Convert -2179 (base 10) to base 3.
-2222201
Convert 104211 (base 6) to base 3.
102221221
1011001001001 (base 2) to base 15
1a55
5e6 (base 15) to base 4
110331
Convert 1221 (base 5) to base 10.
186
Convert 3423001 (base 5) to base 8.
167111
What is 13791 (base 10) in base 9?
20823
What is 71632 (base 9) in base 10?
47171
-1003 (base 14) to base 11
-2078
Convert -14ad (base 15) to base 3.
-20002101
Convert -6490 (base 13) to base 7.
-55513
658a (base 11) to base 15
2894
bb (base 14) to base 15
b0
-6838 (base 10) to base 4
-1222312
Convert 54316 (base 7) to base 12.
7a01
What is -10c (base 16) in base 13?
-178
Convert 1512 (base 10) to base 2.
10111101000
-32021 (base 5) to base 12
-12a0
Convert -361e (base 15) to base 13.
-530c
Convert -450 (base 15) to base 8.
-1717
Convert 412124 (base 5) to base 3.
200101211
Convert -446 (base 16) to base 5.
-13334
-779 (base 16) to base 11
-148a
36a (base 14) to base 8
1252
Convert 297 (base 11) to base 3.
110220
Convert 585 (base 11) to base 5.
10243
Convert 3622 (base 13) to base 5.
221013
Convert -100200121 (base 3) to base 4.
-1232113
-20020100 (base 3) to base 6
-33013
What is 3 (base 8) in base 5?
3
Convert 1411 (base 13) to base 14.
10a3
1010101101101 (base 2) to base 8
12555
-2647a (base 11) to base 3
-1220220110
2100 (base 10) to base 9
2783
Convert -3184 (base 10) to base 14.
-1236
What is -239 (base 12) in base 4?
-11031
Convert 114445 (base 6) to base 3.
111212102
-1a28 (base 11) to base 16
-a0b
Convert 2001 (base 6) to base 8.
661
Convert -105105 (base 6) to base 12.
-5195
Convert 453 (base 9) to base 5.
2442
What is -85f (base 16) in base 14?
-ad1
Convert -3202 (base 5) to base 6.
-1551
28b9 (base 14) to base 7
30022
Convert -9678 (base 10) to base 7.
-40134
Convert -11202